9a
In base 11, what is -20a1 + 163622?
161531
In base 4, what is 3 + 122213320320?
122213320323
In base 7, what is 5114310 - 6?
5114301
In base 14, what is 2c - -7a1d3?
7a221
In base 9, what is 470 + 2070?
2550
In base 11, what is -641 + 77671?
77030
In base 4, what is -10121222200101 + -11?
-10121222200112
In base 9, what is 55 - 5713?
-5647
In base 2, what is 10100000111110101100101010 - 100?
10100000111110101100100110
In base 14, what is 15d + 361a0?
3631d
In base 11, what is 17 - -109a5699?
109a5705
In base 12, what is -44b - -166302?
165a73
In base 9, what is -483115 - -57?
-483047
In base 12, what is 72 - 1b83107?
-1b83055
In base 14, what is -c8 + -5027?
-5111
In base 12, what is 164 - -75b81?
76125
In base 4, what is 130311 + 122032?
313003
In base 14, what is -b9731 + -499?
-b9bca
In base 7, what is -1305160202 + -6?
-1305160211
In base 15, what is -35285 - -9?
-3527b
In base 3, what is 11 - -20022102111202111?
20022102111202122
In base 2, what is -1011101010110110011000000 + 111?
-1011101010110110010111001
In base 13, what is -10a2 + 2a8?
-ac7
In base 15, what is 428d63a - 3?
428d637
In base 13, what is -342 + 23c1?
207c
In base 16, what is -1c6760 - -13?
-1c674d
In base 15, what is 2bb0b6 - 6?
2bb0b0
In base 2, what is 1011100101100101111 - 11111101001?
1011100001101000110
In base 3, what is -110122 + 1012111101?
1012000202
In base 16, what is -4 + b6b28?
b6b24
In base 13, what is -2 + -59c8387?
-59c8389
In base 4, what is -22 + -20232301101?
-20232301123
In base 6, what is 2432 - -1142251?
1145123
In base 11, what is 412171 + -1aa?
411a72
In base 16, what is b9 + 880cd?
88186
In base 5, what is 3 - 1122141140?
-1122141132
In base 16, what is d0772 - -45?
d07b7
In base 4, what is -222313023 - -10011?
-222303012
In base 8, what is -3710 - -64?
-3624
In base 16, what is da28a + 126?
da3b0
In base 12, what is -72ab94 + 4b?
-72ab45
In base 2, what is -1001111011 - -1111100101101?
1110010110010
In base 3, what is 1011101 + -10010022?
-1221221
In base 7, what is -402655 + 11104?
-361551
In base 8, what is 2 - 27266454?
-27266452
In base 9, what is -511171 - -8?
-511162
In base 8, what is -15 - -123167?
123152
In base 9, what is -556 + -6282?
-6848
In base 10, what is 4 + 114989499?
114989503
In base 7, what is 156 - 4122416?
-4122230
In base 3, what is -202 - -11010202122100?
11010202121121
In base 4, what is -11232 + 10300133?
10222301
In base 10, what is 7424 - 1946?
5478
In base 11, what is 5a20692 + -1?
5a20691
In base 4, what is 12012332012 + 301?
12012332313
In base 12, what is -21a48bb + 1?
-21a48ba
In base 16, what is ce - -16638?
16706
In base 14, what is 20 + 263b50?
263b70
In base 15, what is -170a - -2009?
7ee
In base 9, what is 8432165 - 0?
8432165
In base 7, what is -16 + -12355255?
-12355304
In base 8, what is 71 + 652?
743
In base 7, what is -12003152 + -1?
-12003153
In base 11, what is -3 + 76586133?
76586130
In base 7, what is -33261335 - 40?
-33261405
In base 2, what is -11011100011100111101101 + 110100?
-11011100011100110111001
In base 16, what is -4462dc3 - 5?
-4462dc8
In base 4, what is -21132321 - 103?
-21133030
In base 16, what is 64 - -9348?
93ac
In base 2, what is 10001010101 + 100001110101111111?
100010000111010100
In base 4, what is 113 + -1301000000213?
-1301000000100
In base 10, what is 520424 + -134?
520290
In base 8, what is -5 + -13650336?
-13650343
In base 16, what is 212291 - 1?
212290
In base 10, what is -118 - -3037843?
3037725
In base 9, what is -82 + -20260386?
-20260478
In base 11, what is -16323a870 + -5?
-16323a875
In base 11, what is a - -13274a6?
1327505
In base 7, what is 43053566 + 1?
43053600
In base 15, what is 32d + -6d338?
-6d00a
In base 5, what is -110442 + 440?
-110002
In base 3, what is -10120012022121 + -12221?
-10120012112112
In base 15, what is 25e93cab + 0?
25e93cab
In base 12, what is -5 + 403807?
403802
In base 5, what is 3 + -12014444331?
-12014444323
In base 13, what is 30a64abb - 5?
30a64ab6
In base 2, what is -101010110 - -11101011101001010?
11101010111110100
In base 9, what is 361 - 11613?
-11242
In base 2, what is -101000100010 - 10010101011000?
-10111101111010
In base 9, what is 15236 - 1001?
14235
In base 12, what is 2044289 - 27?
2044262
In base 6, what is 1145 + 152440?
154025
In base 6, what is -2401310231 + 2?
-2401310225
In base 7, what is -4 - -1212366423?
1212366416
In base 14, what is 2 + -bcab532?
-bcab530
In base 6, what is 42341103033 - -2?
42341103035
In base 2, what is -100100000000 - -1010001100100100?
1001101000100100
In base 9, what is 544470323 + -1?
544470322
In base 14, what is -22435a + 165?
-2241d5
In base 8, what is 44 + -1553524?
-1553460
In base 8, what is -22607225 - 4?
-22607231
In base 8, what is 0 + -160122355?
-160122355
In base 11, what is -7 - 365?
-371
In base 13, what is -2b7 + -35896?
-35b80
In base 16, what is 93 + 368ae?
36941
In base 7, what is 41644 + -12533?
26111
In base 16, what is 25d - -1a60?
1cbd
In base 7, what is 142 + 52240?
52412
In base 7, what is -35163062 + 33?
-35163026
In base 8, what is -166647 + -63?
-166732
In base 3, what is -200 + -1200100022220?
-1200100100120
In base 10, what is -22849014 + -42?
-22849056
In base 14, what is -71c67d + 3?
-71c67a
In base 5, what is 311232 + 10433342?
11300124
In base 6, what is -52001 - 32332?
-124333
In base 10, what is 4229 + 2164?
6393
In base 10, what is -161157 + 71?
-161086
In base 9, what is -45865356 - 45?
-45865412
In base 8, what is 603 + 44344?
45147
In base 14, what is -15aab + -620?
-162cb
In base 16, what is 1 + 4f71763?
4f71764
In base 2, what is 11001100000100011 + -11000001000?
11001001000011011
In base 5, what is 13 - 434401103?
-434401040
In base 6, what is -501 + -4203412?
-4204313
In base 3, what is -12102210 + 20010120100?
12221010120
In base 12, what is 2729 + -269b?
4a
In base 9, what is 255080 - 173?
254806
In base 8, what is 42070 - -6102?
50172
In base 3, what is 22212020022021 + -11?
22212020022010
In base 12, what is -65473 - -5?
-6546a
In base 9, what is -13742314 - -10?
-13742304
In base 4, what is 130 + -2231313123?
-2231312333
In base 11, what is 4 - -6a14597?
6a145a0
In base 5, what is 32010 + 4142032?
4224042
In base 2, what is 11000011011100010 - 100011001110?
10111111000010100
In base 7, what is 4625 - -13636?
21564
In base 3, what is -2 - -101102021220121222?
101102021220121220
In base 16, what is 538f3 + -536?
533bd
In base 16, what is 3 - 253d6b?
-253d68
In base 14, what is 47d3558 - -3?
47d355b
In base 10, what is -350085385 + -2?
-350085387
In base 6, what is -122134 + -422520?
-545054
In base 9, what is 3 - -1168776?
1168780
In base 9, what is 3615 - -3736?
7452
In base 3, what is -220 - -2112102100?
2112101110
In base 13, what is 22c8b81 + -4?
22c8b7a
In base 8, what is -1 + 2626525424?
2626525423
In base 13, what is 1 - -57419b?
57419c
In base 8, what is 4574322 + -23?
4574277
In base 12, what is -35496a7 + 0?
-35496a7
In base 11, what is 27020 + -5478?
21653
In base 6, what is 0 + -14530325?
-14530325
In base 16, what is -ba - -95785?
956cb
In base 14, what is -2921ba - 16d?
-292349
In base 16, what is -5cd + 469?
-164
In base 15, what is -cc - 38b5?
-3992
In base 16, what is -94 + 19c57?
19bc3
In base 11, what is 1070a782 - 0?
1070a782
In base 8, what is -1456060 + -50?
-1456130
In base 13, what is 1b0c1c + 21?
1b0c40
In base 4, what is -20003 - 1012332103?
-1013012112
In base 3, what is -11211 + 102010021000110?
102010020211122
In base 5, what is -2 + 43103114344?
43103114342
In base 16, what is -1dbd07e + 3?
-1dbd07b
In base 4, what is -231 + -300221023?
-300221320
In base 2, what is 100 - 111111010110011011000111110?
-111111010110011011000111010
In base 2, what is -101000001000 - -101101111000111001?
101101010000110001
In base 3, what is -11011122 + -1002211211?
-1021000110
In base 15, what is -8 - 61c2d97?
-61c2da0
In base 8, what is 311 - 36035?
-35524
In base 6, what is 4131420454 - -3?
4131420501
In base 6, what is 1331310 + 12002?
1343312
In base 2, what is 100001110011011000110010011 + 110?
100001110011011000110011001
In base 15, what is c - 244b60?
-244b53
In base 15, what is -7c2024 - -2e?
-7c1ee5
In base 7, what is 2 + -44322520?
-44322515
In base 5, what is 3 - 343230222?
-343230214
In base 8, what is -205377552 + 2?
